 and c.
1
Suppose 0*x = -x + 4. Suppose -x*s + 102 = -582. Calculate the highest common factor of s and 19.
19
Let o be 769 + -2 + 4 - -4. Suppose 5*a + 0*t - o = -t, -5*t - 775 = -5*a. Calculate the greatest common divisor of 62 and a.
31
Suppose 2*n - 4*n - 50 = -4*v, -3*v = 4*n - 32. Calculate the highest common factor of v and 6.
6
Let o(x) be the first derivative of 16*x**3/3 + x**2/2 + x + 3. Let b be o(-1). What is the highest common divisor of 128 and b?
16
Suppose 5*d = -4*k - 7 + 39, 0 = 3*d - 4*k - 32. What is the highest common divisor of d and 6?
2
Suppose s - 2 - 6 = 0. Suppose -92*r + 89*r + 264 = 0. What is the highest common factor of s and r?
8
Let o = 1 - 0. Suppose 2*k - 5 = -o. Suppose u + k*u = 15. Calculate the greatest common factor of 15 and u.
5
Suppose 4*j + 2*r - 4 = r, 0 = -2*j + 4*r + 20. Suppose 0*c + 3*z = j*c + 4, -3*z = 2*c - 20. Calculate the highest common divisor of c and 2.
2
Suppose 3*w = 5*r + 7, 12 = 5*r + 5*w - 13. Calculate the greatest common divisor of 5 and r.
1
Suppose u + 0*u - 12 = 0. Let l be (-12)/(2*(-2)/u). Suppose -2*v = 2*v - l. Calculate the highest common divisor of 1 and v.
1
Let t = 13 - 11. Suppose 4*u + t*c = -9 + 51, c - 1 = 0. What is the greatest common factor of u and 90?
10
Let d be ((-6)/4)/((-12)/56). Suppose -d*u = -2*u - 5. What is the greatest common factor of 6 and u?
1
Suppose 3*z = z - 8. Let c(q) = -4*q - 1. Let p be c(z). Calculate the greatest common divisor of p and 105.
15
Let y = 73 + -25. Calculate the greatest common factor of y and 12.
12
Let w(r) = 56*r**2 - 1. Let q be w(-1). Calculate the highest common factor of 22 and q.
11
Let h be 8/(2/1) + 9 + 19. What is the highest common factor of 112 and h?
16
Let r be (-2 - -5)/((-3)/(-76)). Let w = r + -46. Calculate the greatest common factor of w and 20.
10
Suppose -4*r + 82 = -t, -2*r - 2*t + 96 = 3*r. Let i = -11 - -21. Let v = -6 + i. Calculate the highest common factor of v and r.
4
Let o = -36 + 54. What is the highest common divisor of 162 and o?
18
Let n(d) = -d**3 - 12*d**2 + 13*d + 12. Let a be n(-13). Calculate the greatest common divisor of a and 84.
12
Let j = -70 - -32. Let y be (j/(-4))/(2/8). Suppose -23 = -f + k - 4*k, -4*k + y = 2*f. What is the highest common factor of 121 and f?
11
Suppose 0 = -4*w - w + 1160. Calculate the greatest common factor of w and 29.
29
Suppose -30 = -4*f - 2*j, -4*f + 2*j + 8 = -2. Suppose -5*a + 5*v = -3*a - 2, 3*a - f*v = 8. What is the highest common divisor of a and 42?
6
Let v(c) = 3*c**3 + 3*c**2 - 3*c + 2. Let s be v(2). What is the highest common divisor of 4 and s?
4
Suppose 60 = -0*u + u + 4*z, 78 = u - 2*z. What is the highest common factor of 8 and u?
8
Let p = 16 - 10. Suppose -2*k - p = 0, -o - 12 = 4*k + 6. Let y be ((-9)/(-6))/((-1)/o). Calculate the highest common divisor of y and 45.
9
Let y = 66 + -57. Calculate the greatest common divisor of 3 and y.
3
Let g(z) = z**3 - 4*z**2 + 6*z. Let y be g(4). Let p = y - -16. Suppose -4*f = -29 + 9, 31 = l + 3*f. Calculate the greatest common factor of p and l.
8
Let f be 2*1 + (-208)/4. Let g = f - -82. What is the greatest common factor of g and 4?
4
Let z(q) be the first derivative of -q**2/2 - q - 2. Let b be z(-7). Let w = 82 + -34. Calculate the greatest common divisor of w and b.
6
Let g(b) be the second derivative of 2*b**3/3 - 2*b**2 - 3*b. Let d be g(3). What is the greatest common divisor of 1 and d?
1
Suppose -r + h = -6 + 1, -3*h + 21 = r. Calculate the highest common divisor of r and 36.
9
Suppose -6*n + 36 = -0*n. What is the highest common divisor of 54 and n?
6
Suppose 0*w = m - 2*w - 100, 0 = m - 5*w - 103. What is the highest common factor of 14 and m?
14
Let q(g) = 4*g**3 + g - 1. Let o be q(2). Let u be 0 + 1 + -2 - -12. Calculate the greatest common divisor of u and o.
11
Let n(y) = y**2 + 4*y + 7. Let u be n(-5). Suppose v = 21 + u. Calculate the highest common divisor of 11 and v.
11
Suppose -3*p + 18 = -2*p - 2*o, -5*o = 2*p - 54. What is the highest common factor of 22 and p?
22
Suppose -20 = 3*k - 7*k. What is the greatest common factor of k and 5?
5
Let m(v) = v**3 - 4*v**2 + 2. Suppose -19 - 1 = -5*j. Let x be m(j). Let w(i) = 7*i + 1. Let q be w(x). What is the greatest common factor of q and 3?
3
Let k be (8/10)/(6/405). Suppose -5*r + 176 = 2*d + 2*d, -3*r + d + 109 = 0. Calculate the greatest common factor of k and r.
18
Let k(q) be the second derivative of -q**5/20 + 5*q**4/6 - q**3/2 - 9*q**2/2 + 2*q. Let o be k(9). What is the highest common divisor of o and 30?
15
Suppose -4 = -4*i + 8. Let p = -1 + i. Let f be (4/(-6))/(2/(-6)). Calculate the greatest common factor of p and f.
2
Suppose 5*g - 80 = -5*z, 0 = z + 2*g - 0 - 14. Let i be (-4)/(-2) - (4 - 0). Let k = i - -14. What is the greatest common factor of k and z?
6
Let v(z) = -z + 10. Let d(o) = -o. Let t(j) = -2*d(j) + v(j). Let p be t(-7). Suppose -20 - 4 = -p*a. Calculate the highest common divisor of a and 72.
8
Let g(w) = 4*w. Let m be ((-3)/(-12))/((-1)/(-4)). Let k be g(m). What is the highest common factor of k and 4?
4
Let w be (6/(-15))/(2/(-20)). Let s = 11 + w. Calculate the highest common divisor of 10 and s.
5
Let k = -135 + 168. What is the highest common factor of 99 and k?
33
Let d = -44 - -28. Let j = -2 - d. Calculate the highest common divisor of j and 154.
14
Let z = 19 + 1. Let h be 20/(2*(-3)/(-9)). What is the highest common factor of z and h?
10
Let w(v) = 23*v**2 + v. Let t be w(1). Let x = 12 - 18. Let q = x - -14. What is the greatest common factor of q and t?
8
Let k be 1*-3*(-2)/3. Suppose -t + 25 = -3*o + 5*o, k*o = -2*t + 20. Let h = -75 - -120. What is the highest common divisor of h and o?
15
Suppose -2*q - q + 12 = 0. Calculate the greatest common factor of q and 8.
4
Let h be ((-24)/20)/((-1)/120). Suppose h = c + c. Calculate the greatest common factor of c and 9.
9
Let p = -1 + 4. Suppose -p*m + j = -m - 53, -4*j + 4 = 0. What is the highest common divisor of m and 3?
3
Let b be 1*13 - (0 - 1). Let u = 2 - -7. Suppose 4*m - u*m = -175. What is the greatest common factor of b and m?
7
Let f(s) = 4*s**3 - 11*s**2 - 8*s + 4. Let h be f(5). Calculate the highest common factor of h and 21.
21
Let w be (6/(-4))/(-3*2/28). What is the greatest common divisor of w and 7?
7
Let x = 28 + -4. What is the highest common divisor of 24 and x?
24
Let x be 11/(-88) + 241/8. What is the highest common divisor of 18 and x?
6
Suppose 69 = 2*y - h, 3*y - 2*h + 3*h = 91. What is the highest common divisor of 4 and y?
4
Let h(f) = 14*f**2 - 2*f + 2. Let t(a) = a + 10. Let p be t(-8). Let w be h(p). Calculate the greatest common divisor of w and 27.
27
Let h be (6 + 0)*1/2. Let c = 9 - h. Calculate the greatest common divisor of c and 54.
6
Let m = 44 + 37. Calculate the highest common divisor of m and 9.
9
Let m(f) = -24*f**3 - 2. Let y be m(-2). Suppose k + 5*g - 2 = 2*g, -2*k = 2*g - 12. Let i be (-375)/(-20) + 2/k. What is the greatest common factor of y and i?
19
Suppose -17 = -2*t - q + 2*q, -3*t + 2*q = -23. What is the highest common factor of t and 2?
1
Let h be (-2)/(-1 + -1)*1. Suppose 11 = 4*p - 21. What is the greatest common factor of h and p?
1
Let q = -20 + 38. Let p = -173 + 335. Calculate the greatest common divisor of p and q.
18
Let q(f) = f**2 - 2*f - 5. Let p be q(4). Suppose 0*o + 249 = p*o. Suppose -4*t - o = -363. What is the highest common divisor of 28 and t?
14
Let v = -7 + 5. Let c be v/3 - (-100)/6. Calculate the highest common factor of 176 and c.
16
Let u = 49 - 39. Let z be 0 + 23 - (-1 + -1). Calculate the greatest common factor of u and z.
5
Let t = 1 + 3. Let k(p) = 2 + 3*p - 6*p**2 + p - t + p**3. Let w be k(6). Calculate the highest common factor of w and 11.
11
Suppose 3*i - 5*s - 7 = -i, -3*s + 6 = i. Let w(g) = -4*g + 10 + 29 + i*g. Let f be w(0). Calculate the greatest common divisor of 26 and f.
13
Let i(n) = 7*n + 1. Let b be i(5). Suppose 6 - b = -5*f. What is the highest common factor of f and 24?
6
Let f(r) = r**2 - r. Let s be f(1). Suppose s = 5*x - 4*x - 55. Calculate the greatest common divisor of 22 and x.
11
Let p be (-2 - (-16)/3)/(6/9). Calculate the highest common divisor of 65 and p.
5
Let j = -3 - -3. Suppose -3*o + 0*o + 12 = j. Calculate t